{"id":6475,"date":"2020-02-20T14:27:28","date_gmt":"2020-02-20T11:27:28","guid":{"rendered":"http:\/\/ybm.comu.edu.tr\/?page_id=6475"},"modified":"2023-12-12T18:18:47","modified_gmt":"2023-12-12T15:18:47","slug":"mineraller","status":"publish","type":"page","link":"https:\/\/ybm.org.tr\/ybm\/mineraller\/","title":{"rendered":"Mineraller"},"content":{"rendered":"<p>Do\u011fada bulunan, belirli bir kimyasal bile\u015fimi ve muntazam atomik d\u00fczeni olan, homojen ve \u00e7o\u011funlukla kat\u0131 cisimlere Mineral denir. Mineralleri inceleyen bilim dal\u0131na Mineraloji denir.<\/p>\n<div class=\"woocommerce columns-4 \"><ul class=\"products columns-4\">\n<li class=\"czr-hentry product type-product post-909 status-publish first instock product_cat-mineraller has-post-thumbnail shipping-taxable product-type-simple\">\n\t<a href=\"https:\/\/ybm.org.tr\/ybm\/product\/zirkon\/\" class=\"woocommerce-LoopProduct-link woocommerce-loop-product__link\"><img loading=\"lazy\" decoding=\"async\" width=\"300\" height=\"225\" src=\"https:\/\/ybm.org.tr\/ybm\/wp-content\/uploads\/2019\/03\/Zirkon-300x225.jpg\" class=\"attachment-woocommerce_thumbnail size-woocommerce_thumbnail no-lazy\" alt=\"Zirkon\" srcset=\"https:\/\/ybm.org.tr\/ybm\/wp-content\/uploads\/2019\/03\/Zirkon-300x225.jpg 300w, https:\/\/ybm.org.tr\/ybm\/wp-content\/uploads\/2019\/03\/Zirkon-768x575.jpg 768w, https:\/\/ybm.org.tr\/ybm\/wp-content\/uploads\/2019\/03\/Zirkon-570x427.jpg 570w, https:\/\/ybm.org.tr\/ybm\/wp-content\/uploads\/2019\/03\/Zirkon-600x450.jpg 600w, https:\/\/ybm.org.tr\/ybm\/wp-content\/uploads\/2019\/03\/Zirkon-64x48.jpg 64w, https:\/\/ybm.org.tr\/ybm\/wp-content\/uploads\/2019\/03\/Zirkon-214x160.jpg 214w, https:\/\/ybm.org.tr\/ybm\/wp-content\/uploads\/2019\/03\/Zirkon-150x112.jpg 150w, https:\/\/ybm.org.tr\/ybm\/wp-content\/uploads\/2019\/03\/Zirkon.jpg 800w\" sizes=\"auto, (max-width: 300px) 100vw, 300px\" \/><h2 class=\"woocommerce-loop-product__title\">Zirkon<\/h2><\/a><\/li>\n<li class=\"czr-hentry product type-product post-914 status-publish instock product_cat-mineraller has-post-thumbnail shipping-taxable product-type-simple\">\n\t<a href=\"https:\/\/ybm.org.tr\/ybm\/product\/prasem-kuvars\/\" class=\"woocommerce-LoopProduct-link woocommerce-loop-product__link\"><img loading=\"lazy\" decoding=\"async\" width=\"300\" height=\"400\" src=\"https:\/\/ybm.org.tr\/ybm\/wp-content\/uploads\/2020\/02\/627-prasemkuvars-300x400.jpg\" class=\"attachment-woocommerce_thumbnail size-woocommerce_thumbnail no-lazy\" alt=\"Prasem (Kuvars)\" srcset=\"https:\/\/ybm.org.tr\/ybm\/wp-content\/uploads\/2020\/02\/627-prasemkuvars-300x400.jpg 300w, https:\/\/ybm.org.tr\/ybm\/wp-content\/uploads\/2020\/02\/627-prasemkuvars-600x800.jpg 600w, https:\/\/ybm.org.tr\/ybm\/wp-content\/uploads\/2020\/02\/627-prasemkuvars-64x85.jpg 64w, https:\/\/ybm.org.tr\/ybm\/wp-content\/uploads\/2020\/02\/627-prasemkuvars-225x300.jpg 225w, https:\/\/ybm.org.tr\/ybm\/wp-content\/uploads\/2020\/02\/627-prasemkuvars-768x1024.jpg 768w, https:\/\/ybm.org.tr\/ybm\/wp-content\/uploads\/2020\/02\/627-prasemkuvars-1152x1536.jpg 1152w, https:\/\/ybm.org.tr\/ybm\/wp-content\/uploads\/2020\/02\/627-prasemkuvars-1536x2048.jpg 1536w, https:\/\/ybm.org.tr\/ybm\/wp-content\/uploads\/2020\/02\/627-prasemkuvars-570x760.jpg 570w, https:\/\/ybm.org.tr\/ybm\/wp-content\/uploads\/2020\/02\/627-prasemkuvars.jpg 1732w\" sizes=\"auto, (max-width: 300px) 100vw, 300px\" \/><h2 class=\"woocommerce-loop-product__title\">Prasem (Kuvars)<\/h2><\/a><\/li>\n<li class=\"czr-hentry product type-product post-918 status-publish instock product_cat-mineraller has-post-thumbnail shipping-taxable product-type-simple\">\n\t<a href=\"https:\/\/ybm.org.tr\/ybm\/product\/altin\/\" class=\"woocommerce-LoopProduct-link woocommerce-loop-product__link\"><img loading=\"lazy\" decoding=\"async\" width=\"300\" height=\"200\" src=\"https:\/\/ybm.org.tr\/ybm\/wp-content\/uploads\/2019\/03\/Alt\u0131n-300x200.jpg\" class=\"attachment-woocommerce_thumbnail size-woocommerce_thumbnail no-lazy\" alt=\"Alt\u0131n\" srcset=\"https:\/\/ybm.org.tr\/ybm\/wp-content\/uploads\/2019\/03\/Alt\u0131n-300x200.jpg 300w, https:\/\/ybm.org.tr\/ybm\/wp-content\/uploads\/2019\/03\/Alt\u0131n-768x513.jpg 768w, https:\/\/ybm.org.tr\/ybm\/wp-content\/uploads\/2019\/03\/Alt\u0131n-570x380.jpg 570w, https:\/\/ybm.org.tr\/ybm\/wp-content\/uploads\/2019\/03\/Alt\u0131n-600x401.jpg 600w, https:\/\/ybm.org.tr\/ybm\/wp-content\/uploads\/2019\/03\/Alt\u0131n-64x43.jpg 64w, https:\/\/ybm.org.tr\/ybm\/wp-content\/uploads\/2019\/03\/Alt\u0131n-240x160.jpg 240w, https:\/\/ybm.org.tr\/ybm\/wp-content\/uploads\/2019\/03\/Alt\u0131n-150x100.jpg 150w, https:\/\/ybm.org.tr\/ybm\/wp-content\/uploads\/2019\/03\/Alt\u0131n-272x182.jpg 272w, https:\/\/ybm.org.tr\/ybm\/wp-content\/uploads\/2019\/03\/Alt\u0131n.jpg 800w\" sizes=\"auto, (max-width: 300px) 100vw, 300px\" \/><h2 class=\"woocommerce-loop-product__title\">Alt\u0131n<\/h2><\/a><\/li>\n<li class=\"czr-hentry product type-product post-985 status-publish last instock product_cat-mineraller has-post-thumbnail shipping-taxable product-type-simple\">\n\t<a href=\"https:\/\/ybm.org.tr\/ybm\/product\/spekularit-hematit-kuvars\/\" class=\"woocommerce-LoopProduct-link woocommerce-loop-product__link\"><img loading=\"lazy\" decoding=\"async\" width=\"300\" height=\"200\" src=\"https:\/\/ybm.org.tr\/ybm\/wp-content\/uploads\/2019\/03\/Spek\u00fclarit-Hematit-Kuvars-300x200.jpg\" class=\"attachment-woocommerce_thumbnail size-woocommerce_thumbnail no-lazy\" alt=\"Spek\u00fclarit +Hematit+ Kuvars\" srcset=\"https:\/\/ybm.org.tr\/ybm\/wp-content\/uploads\/2019\/03\/Spek\u00fclarit-Hematit-Kuvars-300x200.jpg 300w, https:\/\/ybm.org.tr\/ybm\/wp-content\/uploads\/2019\/03\/Spek\u00fclarit-Hematit-Kuvars-768x513.jpg 768w, https:\/\/ybm.org.tr\/ybm\/wp-content\/uploads\/2019\/03\/Spek\u00fclarit-Hematit-Kuvars-570x380.jpg 570w, https:\/\/ybm.org.tr\/ybm\/wp-content\/uploads\/2019\/03\/Spek\u00fclarit-Hematit-Kuvars-600x401.jpg 600w, https:\/\/ybm.org.tr\/ybm\/wp-content\/uploads\/2019\/03\/Spek\u00fclarit-Hematit-Kuvars-64x43.jpg 64w, https:\/\/ybm.org.tr\/ybm\/wp-content\/uploads\/2019\/03\/Spek\u00fclarit-Hematit-Kuvars-240x160.jpg 240w, https:\/\/ybm.org.tr\/ybm\/wp-content\/uploads\/2019\/03\/Spek\u00fclarit-Hematit-Kuvars-150x100.jpg 150w, https:\/\/ybm.org.tr\/ybm\/wp-content\/uploads\/2019\/03\/Spek\u00fclarit-Hematit-Kuvars-272x182.jpg 272w, https:\/\/ybm.org.tr\/ybm\/wp-content\/uploads\/2019\/03\/Spek\u00fclarit-Hematit-Kuvars.jpg 800w\" sizes=\"auto, (max-width: 300px) 100vw, 300px\" \/><h2 class=\"woocommerce-loop-product__title\">Spek\u00fclarit +Hematit+ Kuvars<\/h2><\/a><\/li>\n<li class=\"czr-hentry product type-product post-987 status-publish first instock product_cat-mineraller has-post-thumbnail shipping-taxable product-type-simple\">\n\t<a href=\"https:\/\/ybm.org.tr\/ybm\/product\/gotit\/\" class=\"woocommerce-LoopProduct-link woocommerce-loop-product__link\"><img loading=\"lazy\" decoding=\"async\" width=\"300\" height=\"200\" src=\"https:\/\/ybm.org.tr\/ybm\/wp-content\/uploads\/2019\/03\/G\u00f6tit-300x200.jpg\" class=\"attachment-woocommerce_thumbnail size-woocommerce_thumbnail no-lazy\" alt=\"G\u00f6tit\" srcset=\"https:\/\/ybm.org.tr\/ybm\/wp-content\/uploads\/2019\/03\/G\u00f6tit-300x200.jpg 300w, https:\/\/ybm.org.tr\/ybm\/wp-content\/uploads\/2019\/03\/G\u00f6tit-768x513.jpg 768w, https:\/\/ybm.org.tr\/ybm\/wp-content\/uploads\/2019\/03\/G\u00f6tit-570x380.jpg 570w, https:\/\/ybm.org.tr\/ybm\/wp-content\/uploads\/2019\/03\/G\u00f6tit-600x401.jpg 600w, https:\/\/ybm.org.tr\/ybm\/wp-content\/uploads\/2019\/03\/G\u00f6tit-64x43.jpg 64w, https:\/\/ybm.org.tr\/ybm\/wp-content\/uploads\/2019\/03\/G\u00f6tit-240x160.jpg 240w, https:\/\/ybm.org.tr\/ybm\/wp-content\/uploads\/2019\/03\/G\u00f6tit-150x100.jpg 150w, https:\/\/ybm.org.tr\/ybm\/wp-content\/uploads\/2019\/03\/G\u00f6tit-272x182.jpg 272w, https:\/\/ybm.org.tr\/ybm\/wp-content\/uploads\/2019\/03\/G\u00f6tit.jpg 800w\" sizes=\"auto, (max-width: 300px) 100vw, 300px\" \/><h2 class=\"woocommerce-loop-product__title\">G\u00f6tit<\/h2><\/a><\/li>\n<li class=\"czr-hentry product type-product post-989 status-publish instock product_cat-mineraller has-post-thumbnail shipping-taxable product-type-simple\">\n\t<a href=\"https:\/\/ybm.org.tr\/ybm\/product\/aspest-krizotil\/\" class=\"woocommerce-LoopProduct-link woocommerce-loop-product__link\"><img loading=\"lazy\" decoding=\"async\" width=\"300\" height=\"200\" src=\"https:\/\/ybm.org.tr\/ybm\/wp-content\/uploads\/2019\/03\/Aspest-krizotil-300x200.jpg\" class=\"attachment-woocommerce_thumbnail size-woocommerce_thumbnail no-lazy\" alt=\"Aspest (Krizotil)\" srcset=\"https:\/\/ybm.org.tr\/ybm\/wp-content\/uploads\/2019\/03\/Aspest-krizotil-300x200.jpg 300w, https:\/\/ybm.org.tr\/ybm\/wp-content\/uploads\/2019\/03\/Aspest-krizotil-768x513.jpg 768w, https:\/\/ybm.org.tr\/ybm\/wp-content\/uploads\/2019\/03\/Aspest-krizotil-570x380.jpg 570w, https:\/\/ybm.org.tr\/ybm\/wp-content\/uploads\/2019\/03\/Aspest-krizotil-600x401.jpg 600w, https:\/\/ybm.org.tr\/ybm\/wp-content\/uploads\/2019\/03\/Aspest-krizotil-64x43.jpg 64w, https:\/\/ybm.org.tr\/ybm\/wp-content\/uploads\/2019\/03\/Aspest-krizotil-240x160.jpg 240w, https:\/\/ybm.org.tr\/ybm\/wp-content\/uploads\/2019\/03\/Aspest-krizotil-150x100.jpg 150w, https:\/\/ybm.org.tr\/ybm\/wp-content\/uploads\/2019\/03\/Aspest-krizotil-272x182.jpg 272w, https:\/\/ybm.org.tr\/ybm\/wp-content\/uploads\/2019\/03\/Aspest-krizotil.jpg 800w\" sizes=\"auto, (max-width: 300px) 100vw, 300px\" \/><h2 class=\"woocommerce-loop-product__title\">Aspest (Krizotil)<\/h2><\/a><\/li>\n<li class=\"czr-hentry product type-product post-1040 status-publish instock product_cat-mineraller has-post-thumbnail shipping-taxable product-type-simple\">\n\t<a href=\"https:\/\/ybm.org.tr\/ybm\/product\/1040\/\" class=\"woocommerce-LoopProduct-link woocommerce-loop-product__link\"><img loading=\"lazy\" decoding=\"async\" width=\"300\" height=\"200\" src=\"https:\/\/ybm.org.tr\/ybm\/wp-content\/uploads\/2019\/03\/Silimanit-1-300x200.jpg\" class=\"attachment-woocommerce_thumbnail size-woocommerce_thumbnail no-lazy\" alt=\"Silimanit\" srcset=\"https:\/\/ybm.org.tr\/ybm\/wp-content\/uploads\/2019\/03\/Silimanit-1-300x200.jpg 300w, https:\/\/ybm.org.tr\/ybm\/wp-content\/uploads\/2019\/03\/Silimanit-1-768x511.jpg 768w, https:\/\/ybm.org.tr\/ybm\/wp-content\/uploads\/2019\/03\/Silimanit-1-570x379.jpg 570w, https:\/\/ybm.org.tr\/ybm\/wp-content\/uploads\/2019\/03\/Silimanit-1-600x399.jpg 600w, https:\/\/ybm.org.tr\/ybm\/wp-content\/uploads\/2019\/03\/Silimanit-1-64x43.jpg 64w, https:\/\/ybm.org.tr\/ybm\/wp-content\/uploads\/2019\/03\/Silimanit-1-241x160.jpg 241w, https:\/\/ybm.org.tr\/ybm\/wp-content\/uploads\/2019\/03\/Silimanit-1-150x100.jpg 150w, https:\/\/ybm.org.tr\/ybm\/wp-content\/uploads\/2019\/03\/Silimanit-1-272x182.jpg 272w, https:\/\/ybm.org.tr\/ybm\/wp-content\/uploads\/2019\/03\/Silimanit-1.jpg 800w\" sizes=\"auto, (max-width: 300px) 100vw, 300px\" \/><h2 class=\"woocommerce-loop-product__title\">Silimanit<\/h2><\/a><\/li>\n<li class=\"czr-hentry product type-product post-1044 status-publish last instock product_cat-mineraller has-post-thumbnail shipping-taxable product-type-simple\">\n\t<a href=\"https:\/\/ybm.org.tr\/ybm\/product\/jasp\/\" class=\"woocommerce-LoopProduct-link woocommerce-loop-product__link\"><img loading=\"lazy\" decoding=\"async\" width=\"300\" height=\"225\" src=\"https:\/\/ybm.org.tr\/ybm\/wp-content\/uploads\/2019\/03\/Jasp-300x225.jpg\" class=\"attachment-woocommerce_thumbnail size-woocommerce_thumbnail no-lazy\" alt=\"Jasp\" srcset=\"https:\/\/ybm.org.tr\/ybm\/wp-content\/uploads\/2019\/03\/Jasp-300x225.jpg 300w, https:\/\/ybm.org.tr\/ybm\/wp-content\/uploads\/2019\/03\/Jasp-768x575.jpg 768w, https:\/\/ybm.org.tr\/ybm\/wp-content\/uploads\/2019\/03\/Jasp-570x427.jpg 570w, https:\/\/ybm.org.tr\/ybm\/wp-content\/uploads\/2019\/03\/Jasp-600x450.jpg 600w, https:\/\/ybm.org.tr\/ybm\/wp-content\/uploads\/2019\/03\/Jasp-64x48.jpg 64w, https:\/\/ybm.org.tr\/ybm\/wp-content\/uploads\/2019\/03\/Jasp-214x160.jpg 214w, https:\/\/ybm.org.tr\/ybm\/wp-content\/uploads\/2019\/03\/Jasp-150x112.jpg 150w, https:\/\/ybm.org.tr\/ybm\/wp-content\/uploads\/2019\/03\/Jasp.jpg 800w\" sizes=\"auto, (max-width: 300px) 100vw, 300px\" \/><h2 class=\"woocommerce-loop-product__title\">Jasp<\/h2><\/a><\/li>\n<li class=\"czr-hentry product type-product post-1048 status-publish first instock product_cat-mineraller has-post-thumbnail shipping-taxable product-type-simple\">\n\t<a href=\"https:\/\/ybm.org.tr\/ybm\/product\/kolemanit\/\" class=\"woocommerce-LoopProduct-link woocommerce-loop-product__link\"><img loading=\"lazy\" decoding=\"async\" width=\"300\" height=\"200\" src=\"https:\/\/ybm.org.tr\/ybm\/wp-content\/uploads\/2019\/03\/Kolemanit-300x200.jpg\" class=\"attachment-woocommerce_thumbnail size-woocommerce_thumbnail no-lazy\" alt=\"Kolemanit\" srcset=\"https:\/\/ybm.org.tr\/ybm\/wp-content\/uploads\/2019\/03\/Kolemanit-300x200.jpg 300w, https:\/\/ybm.org.tr\/ybm\/wp-content\/uploads\/2019\/03\/Kolemanit-570x380.jpg 570w, https:\/\/ybm.org.tr\/ybm\/wp-content\/uploads\/2019\/03\/Kolemanit-600x400.jpg 600w, https:\/\/ybm.org.tr\/ybm\/wp-content\/uploads\/2019\/03\/Kolemanit-64x43.jpg 64w, https:\/\/ybm.org.tr\/ybm\/wp-content\/uploads\/2019\/03\/Kolemanit-240x160.jpg 240w, https:\/\/ybm.org.tr\/ybm\/wp-content\/uploads\/2019\/03\/Kolemanit-150x100.jpg 150w, https:\/\/ybm.org.tr\/ybm\/wp-content\/uploads\/2019\/03\/Kolemanit-272x182.jpg 272w, https:\/\/ybm.org.tr\/ybm\/wp-content\/uploads\/2019\/03\/Kolemanit.jpg 630w\" sizes=\"auto, (max-width: 300px) 100vw, 300px\" \/><h2 class=\"woocommerce-loop-product__title\">Kolemanit<\/h2><\/a><\/li>\n<li class=\"czr-hentry product type-product post-1046 status-publish instock product_cat-mineraller has-post-thumbnail shipping-taxable product-type-simple\">\n\t<a href=\"https:\/\/ybm.org.tr\/ybm\/product\/jasp-2\/\" class=\"woocommerce-LoopProduct-link woocommerce-loop-product__link\"><img loading=\"lazy\" decoding=\"async\" width=\"300\" height=\"225\" src=\"https:\/\/ybm.org.tr\/ybm\/wp-content\/uploads\/2019\/03\/Jasp1-300x225.jpg\" class=\"attachment-woocommerce_thumbnail size-woocommerce_thumbnail no-lazy\" alt=\"Jasp\" srcset=\"https:\/\/ybm.org.tr\/ybm\/wp-content\/uploads\/2019\/03\/Jasp1-300x225.jpg 300w, https:\/\/ybm.org.tr\/ybm\/wp-content\/uploads\/2019\/03\/Jasp1-768x575.jpg 768w, https:\/\/ybm.org.tr\/ybm\/wp-content\/uploads\/2019\/03\/Jasp1-570x427.jpg 570w, https:\/\/ybm.org.tr\/ybm\/wp-content\/uploads\/2019\/03\/Jasp1-600x450.jpg 600w, https:\/\/ybm.org.tr\/ybm\/wp-content\/uploads\/2019\/03\/Jasp1-64x48.jpg 64w, https:\/\/ybm.org.tr\/ybm\/wp-content\/uploads\/2019\/03\/Jasp1-214x160.jpg 214w, https:\/\/ybm.org.tr\/ybm\/wp-content\/uploads\/2019\/03\/Jasp1-150x112.jpg 150w, https:\/\/ybm.org.tr\/ybm\/wp-content\/uploads\/2019\/03\/Jasp1.jpg 800w\" sizes=\"auto, (max-width: 300px) 100vw, 300px\" \/><h2 class=\"woocommerce-loop-product__title\">Jasp<\/h2><\/a><\/li>\n<li class=\"czr-hentry product type-product post-1051 status-publish instock product_cat-mineraller has-post-thumbnail shipping-taxable product-type-simple\">\n\t<a href=\"https:\/\/ybm.org.tr\/ybm\/product\/kolemanit-2\/\" class=\"woocommerce-LoopProduct-link woocommerce-loop-product__link\"><img loading=\"lazy\" decoding=\"async\" width=\"300\" height=\"225\" src=\"https:\/\/ybm.org.tr\/ybm\/wp-content\/uploads\/2019\/03\/kolemanit--300x225.jpg\" class=\"attachment-woocommerce_thumbnail size-woocommerce_thumbnail no-lazy\" alt=\"Kolemanit\" srcset=\"https:\/\/ybm.org.tr\/ybm\/wp-content\/uploads\/2019\/03\/kolemanit--300x225.jpg 300w, https:\/\/ybm.org.tr\/ybm\/wp-content\/uploads\/2019\/03\/kolemanit--570x428.jpg 570w, https:\/\/ybm.org.tr\/ybm\/wp-content\/uploads\/2019\/03\/kolemanit--600x450.jpg 600w, https:\/\/ybm.org.tr\/ybm\/wp-content\/uploads\/2019\/03\/kolemanit--64x48.jpg 64w, https:\/\/ybm.org.tr\/ybm\/wp-content\/uploads\/2019\/03\/kolemanit--213x160.jpg 213w, https:\/\/ybm.org.tr\/ybm\/wp-content\/uploads\/2019\/03\/kolemanit--150x113.jpg 150w, https:\/\/ybm.org.tr\/ybm\/wp-content\/uploads\/2019\/03\/kolemanit-.jpg 749w\" sizes=\"auto, (max-width: 300px) 100vw, 300px\" \/><h2 class=\"woocommerce-loop-product__title\">Kolemanit<\/h2><\/a><\/li>\n<li class=\"czr-hentry product type-product post-1055 status-publish last instock product_cat-mineraller has-post-thumbnail shipping-taxable product-type-simple\">\n\t<a href=\"https:\/\/ybm.org.tr\/ybm\/product\/kolemanit-3\/\" class=\"woocommerce-LoopProduct-link woocommerce-loop-product__link\"><img loading=\"lazy\" decoding=\"async\" width=\"300\" height=\"200\" src=\"https:\/\/ybm.org.tr\/ybm\/wp-content\/uploads\/2019\/03\/Kolemanit-1-300x200.jpg\" class=\"attachment-woocommerce_thumbnail size-woocommerce_thumbnail no-lazy\" alt=\"Kolemanit\" srcset=\"https:\/\/ybm.org.tr\/ybm\/wp-content\/uploads\/2019\/03\/Kolemanit-1-300x200.jpg 300w, https:\/\/ybm.org.tr\/ybm\/wp-content\/uploads\/2019\/03\/Kolemanit-1-768x511.jpg 768w, https:\/\/ybm.org.tr\/ybm\/wp-content\/uploads\/2019\/03\/Kolemanit-1-570x379.jpg 570w, https:\/\/ybm.org.tr\/ybm\/wp-content\/uploads\/2019\/03\/Kolemanit-1-600x399.jpg 600w, https:\/\/ybm.org.tr\/ybm\/wp-content\/uploads\/2019\/03\/Kolemanit-1-64x43.jpg 64w, https:\/\/ybm.org.tr\/ybm\/wp-content\/uploads\/2019\/03\/Kolemanit-1-241x160.jpg 241w, https:\/\/ybm.org.tr\/ybm\/wp-content\/uploads\/2019\/03\/Kolemanit-1-150x100.jpg 150w, https:\/\/ybm.org.tr\/ybm\/wp-content\/uploads\/2019\/03\/Kolemanit-1-272x182.jpg 272w, https:\/\/ybm.org.tr\/ybm\/wp-content\/uploads\/2019\/03\/Kolemanit-1.jpg 800w\" sizes=\"auto, (max-width: 300px) 100vw, 300px\" \/><h2 class=\"woocommerce-loop-product__title\">Kolemanit<\/h2><\/a><\/li>\n<\/ul>\n<\/div>\n","protected":false},"excerpt":{"rendered":"<p>Do\u011fada bulunan, belirli bir kimyasal bile\u015fimi ve muntazam atomik d\u00fczeni olan, homojen ve \u00e7o\u011funlukla kat\u0131 cisimlere Mineral denir. Mineralleri inceleyen bilim dal\u0131na Mineraloji denir.<\/p>\n","protected":false},"author":1,"featured_media":0,"parent":0,"menu_order":0,"comment_status":"closed","ping_status":"closed","template":"","meta":{"footnotes":""},"class_list":["post-6475","page","type-page","status-publish","czr-hentry"],"_links":{"self":[{"href":"https:\/\/ybm.org.tr\/ybm\/wp-json\/wp\/v2\/pages\/6475","targetHints":{"allow":["GET"]}}],"collection":[{"href":"https:\/\/ybm.org.tr\/ybm\/wp-json\/wp\/v2\/pages"}],"about":[{"href":"https:\/\/ybm.org.tr\/ybm\/wp-json\/wp\/v2\/types\/page"}],"author":[{"embeddable":true,"href":"https:\/\/ybm.org.tr\/ybm\/wp-json\/wp\/v2\/users\/1"}],"replies":[{"embeddable":true,"href":"https:\/\/ybm.org.tr\/ybm\/wp-json\/wp\/v2\/comments?post=6475"}],"version-history":[{"count":0,"href":"https:\/\/ybm.org.tr\/ybm\/wp-json\/wp\/v2\/pages\/6475\/revisions"}],"wp:attachment":[{"href":"https:\/\/ybm.org.tr\/ybm\/wp-json\/wp\/v2\/media?parent=6475"}],"curies":[{"name":"wp","href":"https:\/\/api.w.org\/{rel}","templated":true}]}}