{"id":6482,"date":"2020-02-20T14:35:08","date_gmt":"2020-02-20T11:35:08","guid":{"rendered":"http:\/\/ybm.comu.edu.tr\/?page_id=6482"},"modified":"2020-02-20T14:35:08","modified_gmt":"2020-02-20T11:35:08","slug":"diger","status":"publish","type":"page","link":"https:\/\/ybm.org.tr\/ybm\/diger\/","title":{"rendered":"Di\u011fer"},"content":{"rendered":"<div class=\"woocommerce columns-4 \"><ul class=\"products columns-4\">\n<li class=\"czr-hentry product type-product post-919 status-publish first instock product_cat-diger has-post-thumbnail shipping-taxable product-type-simple\">\n\t<a href=\"https:\/\/ybm.org.tr\/ybm\/product\/luletasi-nargile-basligi\/\" class=\"woocommerce-LoopProduct-link woocommerce-loop-product__link\"><img loading=\"lazy\" decoding=\"async\" width=\"300\" height=\"200\" src=\"https:\/\/ybm.org.tr\/ybm\/wp-content\/uploads\/2019\/03\/L\u00fcleta\u015f\u0131-nargile-ba\u015fl\u0131\u011f\u0131-300x200.jpg\" class=\"attachment-woocommerce_thumbnail size-woocommerce_thumbnail no-lazy\" alt=\"L\u00fcleta\u015f\u0131 Nargile Ba\u015fl\u0131\u011f\u0131\" srcset=\"https:\/\/ybm.org.tr\/ybm\/wp-content\/uploads\/2019\/03\/L\u00fcleta\u015f\u0131-nargile-ba\u015fl\u0131\u011f\u0131-300x200.jpg 300w, https:\/\/ybm.org.tr\/ybm\/wp-content\/uploads\/2019\/03\/L\u00fcleta\u015f\u0131-nargile-ba\u015fl\u0131\u011f\u0131-768x513.jpg 768w, https:\/\/ybm.org.tr\/ybm\/wp-content\/uploads\/2019\/03\/L\u00fcleta\u015f\u0131-nargile-ba\u015fl\u0131\u011f\u0131-570x380.jpg 570w, https:\/\/ybm.org.tr\/ybm\/wp-content\/uploads\/2019\/03\/L\u00fcleta\u015f\u0131-nargile-ba\u015fl\u0131\u011f\u0131-600x401.jpg 600w, https:\/\/ybm.org.tr\/ybm\/wp-content\/uploads\/2019\/03\/L\u00fcleta\u015f\u0131-nargile-ba\u015fl\u0131\u011f\u0131-64x43.jpg 64w, https:\/\/ybm.org.tr\/ybm\/wp-content\/uploads\/2019\/03\/L\u00fcleta\u015f\u0131-nargile-ba\u015fl\u0131\u011f\u0131-240x160.jpg 240w, https:\/\/ybm.org.tr\/ybm\/wp-content\/uploads\/2019\/03\/L\u00fcleta\u015f\u0131-nargile-ba\u015fl\u0131\u011f\u0131-150x100.jpg 150w, https:\/\/ybm.org.tr\/ybm\/wp-content\/uploads\/2019\/03\/L\u00fcleta\u015f\u0131-nargile-ba\u015fl\u0131\u011f\u0131-272x182.jpg 272w, https:\/\/ybm.org.tr\/ybm\/wp-content\/uploads\/2019\/03\/L\u00fcleta\u015f\u0131-nargile-ba\u015fl\u0131\u011f\u0131.jpg 800w\" sizes=\"auto, (max-width: 300px) 100vw, 300px\" \/><h2 class=\"woocommerce-loop-product__title\">L\u00fcleta\u015f\u0131 Nargile Ba\u015fl\u0131\u011f\u0131<\/h2><\/a><\/li>\n<li class=\"czr-hentry product type-product post-1179 status-publish instock product_cat-diger has-post-thumbnail shipping-taxable product-type-simple\">\n\t<a href=\"https:\/\/ybm.org.tr\/ybm\/product\/karot-ornegi-2\/\" class=\"woocommerce-LoopProduct-link woocommerce-loop-product__link\"><img loading=\"lazy\" decoding=\"async\" width=\"300\" height=\"201\" src=\"https:\/\/ybm.org.tr\/ybm\/wp-content\/uploads\/2019\/03\/Karot-\u00f6rne\u011fi-1-300x201.jpg\" class=\"attachment-woocommerce_thumbnail size-woocommerce_thumbnail no-lazy\" alt=\"Karot \u00f6rne\u011fi\" srcset=\"https:\/\/ybm.org.tr\/ybm\/wp-content\/uploads\/2019\/03\/Karot-\u00f6rne\u011fi-1-300x201.jpg 300w, https:\/\/ybm.org.tr\/ybm\/wp-content\/uploads\/2019\/03\/Karot-\u00f6rne\u011fi-1-768x515.jpg 768w, https:\/\/ybm.org.tr\/ybm\/wp-content\/uploads\/2019\/03\/Karot-\u00f6rne\u011fi-1-570x382.jpg 570w, https:\/\/ybm.org.tr\/ybm\/wp-content\/uploads\/2019\/03\/Karot-\u00f6rne\u011fi-1-600x402.jpg 600w, https:\/\/ybm.org.tr\/ybm\/wp-content\/uploads\/2019\/03\/Karot-\u00f6rne\u011fi-1-64x43.jpg 64w, https:\/\/ybm.org.tr\/ybm\/wp-content\/uploads\/2019\/03\/Karot-\u00f6rne\u011fi-1-239x160.jpg 239w, https:\/\/ybm.org.tr\/ybm\/wp-content\/uploads\/2019\/03\/Karot-\u00f6rne\u011fi-1-150x101.jpg 150w, https:\/\/ybm.org.tr\/ybm\/wp-content\/uploads\/2019\/03\/Karot-\u00f6rne\u011fi-1-272x182.jpg 272w, https:\/\/ybm.org.tr\/ybm\/wp-content\/uploads\/2019\/03\/Karot-\u00f6rne\u011fi-1.jpg 800w\" sizes=\"auto, (max-width: 300px) 100vw, 300px\" \/><h2 class=\"woocommerce-loop-product__title\">Karot \u00d6rne\u011fi<\/h2><\/a><\/li>\n<li class=\"czr-hentry product type-product post-1287 status-publish instock product_cat-diger has-post-thumbnail shipping-taxable product-type-simple\">\n\t<a href=\"https:\/\/ybm.org.tr\/ybm\/product\/asfaltit\/\" class=\"woocommerce-LoopProduct-link woocommerce-loop-product__link\"><img loading=\"lazy\" decoding=\"async\" width=\"300\" height=\"451\" src=\"https:\/\/ybm.org.tr\/ybm\/wp-content\/uploads\/2019\/03\/Asfaltit-300x451.jpg\" class=\"attachment-woocommerce_thumbnail size-woocommerce_thumbnail no-lazy\" alt=\"Asfaltit\" srcset=\"https:\/\/ybm.org.tr\/ybm\/wp-content\/uploads\/2019\/03\/Asfaltit-300x451.jpg 300w, https:\/\/ybm.org.tr\/ybm\/wp-content\/uploads\/2019\/03\/Asfaltit-200x300.jpg 200w, https:\/\/ybm.org.tr\/ybm\/wp-content\/uploads\/2019\/03\/Asfaltit-64x96.jpg 64w, https:\/\/ybm.org.tr\/ybm\/wp-content\/uploads\/2019\/03\/Asfaltit-399x600.jpg 399w, https:\/\/ybm.org.tr\/ybm\/wp-content\/uploads\/2019\/03\/Asfaltit-106x160.jpg 106w, https:\/\/ybm.org.tr\/ybm\/wp-content\/uploads\/2019\/03\/Asfaltit-100x150.jpg 100w, https:\/\/ybm.org.tr\/ybm\/wp-content\/uploads\/2019\/03\/Asfaltit.jpg 532w\" sizes=\"auto, (max-width: 300px) 100vw, 300px\" \/><h2 class=\"woocommerce-loop-product__title\">Asfaltit<\/h2><\/a><\/li>\n<li class=\"czr-hentry product type-product post-2078 status-publish last instock product_cat-diger has-post-thumbnail shipping-taxable product-type-simple\">\n\t<a href=\"https:\/\/ybm.org.tr\/ybm\/product\/seramik-curufu\/\" class=\"woocommerce-LoopProduct-link woocommerce-loop-product__link\"><img loading=\"lazy\" decoding=\"async\" width=\"300\" height=\"200\" src=\"https:\/\/ybm.org.tr\/ybm\/wp-content\/uploads\/2019\/04\/seramik-curufu-300x200.jpg\" class=\"attachment-woocommerce_thumbnail size-woocommerce_thumbnail no-lazy\" alt=\"Seramik Curufu\" srcset=\"https:\/\/ybm.org.tr\/ybm\/wp-content\/uploads\/2019\/04\/seramik-curufu-300x200.jpg 300w, https:\/\/ybm.org.tr\/ybm\/wp-content\/uploads\/2019\/04\/seramik-curufu-600x399.jpg 600w, https:\/\/ybm.org.tr\/ybm\/wp-content\/uploads\/2019\/04\/seramik-curufu-64x43.jpg 64w, https:\/\/ybm.org.tr\/ybm\/wp-content\/uploads\/2019\/04\/seramik-curufu-768x511.jpg 768w, https:\/\/ybm.org.tr\/ybm\/wp-content\/uploads\/2019\/04\/seramik-curufu-241x160.jpg 241w, https:\/\/ybm.org.tr\/ybm\/wp-content\/uploads\/2019\/04\/seramik-curufu-150x100.jpg 150w, https:\/\/ybm.org.tr\/ybm\/wp-content\/uploads\/2019\/04\/seramik-curufu.jpg 800w\" sizes=\"auto, (max-width: 300px) 100vw, 300px\" \/><h2 class=\"woocommerce-loop-product__title\">Seramik Curufu<\/h2><\/a><\/li>\n<li class=\"czr-hentry product type-product post-2084 status-publish first instock product_cat-diger has-post-thumbnail shipping-taxable product-type-simple\">\n\t<a href=\"https:\/\/ybm.org.tr\/ybm\/product\/cekic\/\" class=\"woocommerce-LoopProduct-link woocommerce-loop-product__link\"><img loading=\"lazy\" decoding=\"async\" width=\"300\" height=\"451\" src=\"https:\/\/ybm.org.tr\/ybm\/wp-content\/uploads\/2019\/04\/\u00e7eki\u00e7-300x451.jpg\" class=\"attachment-woocommerce_thumbnail size-woocommerce_thumbnail no-lazy\" alt=\"\u00c7eki\u00e7\" srcset=\"https:\/\/ybm.org.tr\/ybm\/wp-content\/uploads\/2019\/04\/\u00e7eki\u00e7-300x451.jpg 300w, https:\/\/ybm.org.tr\/ybm\/wp-content\/uploads\/2019\/04\/\u00e7eki\u00e7-64x96.jpg 64w, https:\/\/ybm.org.tr\/ybm\/wp-content\/uploads\/2019\/04\/\u00e7eki\u00e7-200x300.jpg 200w, https:\/\/ybm.org.tr\/ybm\/wp-content\/uploads\/2019\/04\/\u00e7eki\u00e7-399x600.jpg 399w, https:\/\/ybm.org.tr\/ybm\/wp-content\/uploads\/2019\/04\/\u00e7eki\u00e7-106x160.jpg 106w, https:\/\/ybm.org.tr\/ybm\/wp-content\/uploads\/2019\/04\/\u00e7eki\u00e7-100x150.jpg 100w, https:\/\/ybm.org.tr\/ybm\/wp-content\/uploads\/2019\/04\/\u00e7eki\u00e7.jpg 532w\" sizes=\"auto, (max-width: 300px) 100vw, 300px\" \/><h2 class=\"woocommerce-loop-product__title\">\u00c7eki\u00e7<\/h2><\/a><\/li>\n<li class=\"czr-hentry product type-product post-2092 status-publish instock product_cat-diger has-post-thumbnail shipping-taxable product-type-simple\">\n\t<a href=\"https:\/\/ybm.org.tr\/ybm\/product\/teodolit\/\" class=\"woocommerce-LoopProduct-link woocommerce-loop-product__link\"><img loading=\"lazy\" decoding=\"async\" width=\"300\" height=\"449\" src=\"https:\/\/ybm.org.tr\/ybm\/wp-content\/uploads\/2019\/04\/teodolit-300x449.jpg\" class=\"attachment-woocommerce_thumbnail size-woocommerce_thumbnail no-lazy\" alt=\"Teodolit\" srcset=\"https:\/\/ybm.org.tr\/ybm\/wp-content\/uploads\/2019\/04\/teodolit-300x449.jpg 300w, https:\/\/ybm.org.tr\/ybm\/wp-content\/uploads\/2019\/04\/teodolit-64x96.jpg 64w, https:\/\/ybm.org.tr\/ybm\/wp-content\/uploads\/2019\/04\/teodolit-200x300.jpg 200w, https:\/\/ybm.org.tr\/ybm\/wp-content\/uploads\/2019\/04\/teodolit-401x600.jpg 401w, https:\/\/ybm.org.tr\/ybm\/wp-content\/uploads\/2019\/04\/teodolit-107x160.jpg 107w, https:\/\/ybm.org.tr\/ybm\/wp-content\/uploads\/2019\/04\/teodolit-100x150.jpg 100w, https:\/\/ybm.org.tr\/ybm\/wp-content\/uploads\/2019\/04\/teodolit.jpg 534w\" sizes=\"auto, (max-width: 300px) 100vw, 300px\" \/><h2 class=\"woocommerce-loop-product__title\">Teodolit<\/h2><\/a><\/li>\n<li class=\"czr-hentry product type-product post-2095 status-publish instock product_cat-diger has-post-thumbnail shipping-taxable product-type-simple\">\n\t<a href=\"https:\/\/ybm.org.tr\/ybm\/product\/petrollukarot2\/\" class=\"woocommerce-LoopProduct-link woocommerce-loop-product__link\"><img loading=\"lazy\" decoding=\"async\" width=\"300\" height=\"199\" src=\"https:\/\/ybm.org.tr\/ybm\/wp-content\/uploads\/2019\/04\/kuyu-logu-300x199.jpg\" class=\"attachment-woocommerce_thumbnail size-woocommerce_thumbnail no-lazy\" alt=\"Petroll\u00fc Karot\" srcset=\"https:\/\/ybm.org.tr\/ybm\/wp-content\/uploads\/2019\/04\/kuyu-logu-300x199.jpg 300w, https:\/\/ybm.org.tr\/ybm\/wp-content\/uploads\/2019\/04\/kuyu-logu-600x398.jpg 600w, https:\/\/ybm.org.tr\/ybm\/wp-content\/uploads\/2019\/04\/kuyu-logu-64x42.jpg 64w, https:\/\/ybm.org.tr\/ybm\/wp-content\/uploads\/2019\/04\/kuyu-logu-768x510.jpg 768w, https:\/\/ybm.org.tr\/ybm\/wp-content\/uploads\/2019\/04\/kuyu-logu-241x160.jpg 241w, https:\/\/ybm.org.tr\/ybm\/wp-content\/uploads\/2019\/04\/kuyu-logu-150x100.jpg 150w, https:\/\/ybm.org.tr\/ybm\/wp-content\/uploads\/2019\/04\/kuyu-logu.jpg 800w\" sizes=\"auto, (max-width: 300px) 100vw, 300px\" \/><h2 class=\"woocommerce-loop-product__title\">Petroll\u00fc Karot<\/h2><\/a><\/li>\n<li class=\"czr-hentry product type-product post-2634 status-publish last outofstock product_cat-diger has-post-thumbnail shipping-taxable product-type-simple\">\n\t<a href=\"https:\/\/ybm.org.tr\/ybm\/product\/deprem-kayit-unitesi\/\" class=\"woocommerce-LoopProduct-link woocommerce-loop-product__link\"><img loading=\"lazy\" decoding=\"async\" width=\"300\" height=\"200\" src=\"https:\/\/ybm.org.tr\/ybm\/wp-content\/uploads\/2019\/04\/deprem-kay\u0131t-cihaz\u0131-300x200.jpg\" class=\"attachment-woocommerce_thumbnail size-woocommerce_thumbnail no-lazy\" alt=\"Deprem Kay\u0131t \u00dcnitesi\" srcset=\"https:\/\/ybm.org.tr\/ybm\/wp-content\/uploads\/2019\/04\/deprem-kay\u0131t-cihaz\u0131-300x200.jpg 300w, https:\/\/ybm.org.tr\/ybm\/wp-content\/uploads\/2019\/04\/deprem-kay\u0131t-cihaz\u0131-600x401.jpg 600w, https:\/\/ybm.org.tr\/ybm\/wp-content\/uploads\/2019\/04\/deprem-kay\u0131t-cihaz\u0131-64x43.jpg 64w, https:\/\/ybm.org.tr\/ybm\/wp-content\/uploads\/2019\/04\/deprem-kay\u0131t-cihaz\u0131-768x513.jpg 768w, https:\/\/ybm.org.tr\/ybm\/wp-content\/uploads\/2019\/04\/deprem-kay\u0131t-cihaz\u0131-240x160.jpg 240w, https:\/\/ybm.org.tr\/ybm\/wp-content\/uploads\/2019\/04\/deprem-kay\u0131t-cihaz\u0131-150x100.jpg 150w, https:\/\/ybm.org.tr\/ybm\/wp-content\/uploads\/2019\/04\/deprem-kay\u0131t-cihaz\u0131.jpg 800w\" sizes=\"auto, (max-width: 300px) 100vw, 300px\" \/><h2 class=\"woocommerce-loop-product__title\">Deprem Kay\u0131t \u00dcnitesi<\/h2><\/a><\/li>\n<li class=\"czr-hentry product type-product post-2636 status-publish first outofstock product_cat-diger has-post-thumbnail shipping-taxable product-type-simple\">\n\t<a href=\"https:\/\/ybm.org.tr\/ybm\/product\/ivmeolcer\/\" class=\"woocommerce-LoopProduct-link woocommerce-loop-product__link\"><img loading=\"lazy\" decoding=\"async\" width=\"300\" height=\"200\" src=\"https:\/\/ybm.org.tr\/ybm\/wp-content\/uploads\/2019\/04\/sismograf-300x200.jpg\" class=\"attachment-woocommerce_thumbnail size-woocommerce_thumbnail no-lazy\" alt=\"\u0130vme\u00f6l\u00e7er\" srcset=\"https:\/\/ybm.org.tr\/ybm\/wp-content\/uploads\/2019\/04\/sismograf-300x200.jpg 300w, https:\/\/ybm.org.tr\/ybm\/wp-content\/uploads\/2019\/04\/sismograf-600x401.jpg 600w, https:\/\/ybm.org.tr\/ybm\/wp-content\/uploads\/2019\/04\/sismograf-64x43.jpg 64w, https:\/\/ybm.org.tr\/ybm\/wp-content\/uploads\/2019\/04\/sismograf-768x513.jpg 768w, https:\/\/ybm.org.tr\/ybm\/wp-content\/uploads\/2019\/04\/sismograf-240x160.jpg 240w, https:\/\/ybm.org.tr\/ybm\/wp-content\/uploads\/2019\/04\/sismograf-150x100.jpg 150w, https:\/\/ybm.org.tr\/ybm\/wp-content\/uploads\/2019\/04\/sismograf.jpg 800w\" sizes=\"auto, (max-width: 300px) 100vw, 300px\" \/><h2 class=\"woocommerce-loop-product__title\">\u0130vme\u00f6l\u00e7er<\/h2><\/a><\/li>\n<li class=\"czr-hentry product type-product post-2638 status-publish outofstock product_cat-diger has-post-thumbnail shipping-taxable product-type-simple\">\n\t<a href=\"https:\/\/ybm.org.tr\/ybm\/product\/uc-bilesen-analog-sismometre\/\" class=\"woocommerce-LoopProduct-link woocommerce-loop-product__link\"><img loading=\"lazy\" decoding=\"async\" width=\"300\" height=\"200\" src=\"https:\/\/ybm.org.tr\/ybm\/wp-content\/uploads\/2019\/04\/bile\u015fen-analog-300x200.jpg\" class=\"attachment-woocommerce_thumbnail size-woocommerce_thumbnail no-lazy\" alt=\"\u00dc\u00e7 Bile\u015fen Analog Sismometre\" srcset=\"https:\/\/ybm.org.tr\/ybm\/wp-content\/uploads\/2019\/04\/bile\u015fen-analog-300x200.jpg 300w, https:\/\/ybm.org.tr\/ybm\/wp-content\/uploads\/2019\/04\/bile\u015fen-analog-600x401.jpg 600w, https:\/\/ybm.org.tr\/ybm\/wp-content\/uploads\/2019\/04\/bile\u015fen-analog-64x43.jpg 64w, https:\/\/ybm.org.tr\/ybm\/wp-content\/uploads\/2019\/04\/bile\u015fen-analog-768x513.jpg 768w, https:\/\/ybm.org.tr\/ybm\/wp-content\/uploads\/2019\/04\/bile\u015fen-analog-240x160.jpg 240w, https:\/\/ybm.org.tr\/ybm\/wp-content\/uploads\/2019\/04\/bile\u015fen-analog-150x100.jpg 150w, https:\/\/ybm.org.tr\/ybm\/wp-content\/uploads\/2019\/04\/bile\u015fen-analog.jpg 800w\" sizes=\"auto, (max-width: 300px) 100vw, 300px\" \/><h2 class=\"woocommerce-loop-product__title\">\u00dc\u00e7 Bile\u015fen Analog Sismometre<\/h2><\/a><\/li>\n<li class=\"czr-hentry product type-product post-2646 status-publish outofstock product_cat-diger has-post-thumbnail shipping-taxable product-type-simple\">\n\t<a href=\"https:\/\/ybm.org.tr\/ybm\/product\/luletasi-pipo\/\" class=\"woocommerce-LoopProduct-link woocommerce-loop-product__link\"><img loading=\"lazy\" decoding=\"async\" width=\"300\" height=\"225\" src=\"https:\/\/ybm.org.tr\/ybm\/wp-content\/uploads\/2019\/04\/l\u00fcleta\u015f\u0131-pipo-300x225.jpg\" class=\"attachment-woocommerce_thumbnail size-woocommerce_thumbnail no-lazy\" alt=\"L\u00fcleta\u015f\u0131 Pipo\" srcset=\"https:\/\/ybm.org.tr\/ybm\/wp-content\/uploads\/2019\/04\/l\u00fcleta\u015f\u0131-pipo-300x225.jpg 300w, https:\/\/ybm.org.tr\/ybm\/wp-content\/uploads\/2019\/04\/l\u00fcleta\u015f\u0131-pipo-600x450.jpg 600w, https:\/\/ybm.org.tr\/ybm\/wp-content\/uploads\/2019\/04\/l\u00fcleta\u015f\u0131-pipo-64x48.jpg 64w, https:\/\/ybm.org.tr\/ybm\/wp-content\/uploads\/2019\/04\/l\u00fcleta\u015f\u0131-pipo.jpg 800w, https:\/\/ybm.org.tr\/ybm\/wp-content\/uploads\/2019\/04\/l\u00fcleta\u015f\u0131-pipo-768x576.jpg 768w, https:\/\/ybm.org.tr\/ybm\/wp-content\/uploads\/2019\/04\/l\u00fcleta\u015f\u0131-pipo-213x160.jpg 213w, https:\/\/ybm.org.tr\/ybm\/wp-content\/uploads\/2019\/04\/l\u00fcleta\u015f\u0131-pipo-150x113.jpg 150w\" sizes=\"auto, (max-width: 300px) 100vw, 300px\" \/><h2 class=\"woocommerce-loop-product__title\">L\u00fcleta\u015f\u0131 Pipo<\/h2><\/a><\/li>\n<li class=\"czr-hentry product type-product post-2660 status-publish last outofstock product_cat-diger has-post-thumbnail shipping-taxable product-type-simple\">\n\t<a href=\"https:\/\/ybm.org.tr\/ybm\/product\/safra-tasi\/\" class=\"woocommerce-LoopProduct-link woocommerce-loop-product__link\"><img loading=\"lazy\" decoding=\"async\" width=\"300\" height=\"225\" src=\"https:\/\/ybm.org.tr\/ybm\/wp-content\/uploads\/2019\/04\/Safra-Ta\u015f\u0131-300x225.jpg\" class=\"attachment-woocommerce_thumbnail size-woocommerce_thumbnail no-lazy\" alt=\"Safra Ta\u015f\u0131\" srcset=\"https:\/\/ybm.org.tr\/ybm\/wp-content\/uploads\/2019\/04\/Safra-Ta\u015f\u0131-300x225.jpg 300w, https:\/\/ybm.org.tr\/ybm\/wp-content\/uploads\/2019\/04\/Safra-Ta\u015f\u0131-600x449.jpg 600w, https:\/\/ybm.org.tr\/ybm\/wp-content\/uploads\/2019\/04\/Safra-Ta\u015f\u0131-64x48.jpg 64w, https:\/\/ybm.org.tr\/ybm\/wp-content\/uploads\/2019\/04\/Safra-Ta\u015f\u0131-768x575.jpg 768w, https:\/\/ybm.org.tr\/ybm\/wp-content\/uploads\/2019\/04\/Safra-Ta\u015f\u0131-214x160.jpg 214w, https:\/\/ybm.org.tr\/ybm\/wp-content\/uploads\/2019\/04\/Safra-Ta\u015f\u0131-150x112.jpg 150w, https:\/\/ybm.org.tr\/ybm\/wp-content\/uploads\/2019\/04\/Safra-Ta\u015f\u0131.jpg 800w\" sizes=\"auto, (max-width: 300px) 100vw, 300px\" \/><h2 class=\"woocommerce-loop-product__title\">Safra Ta\u015f\u0131<\/h2><\/a><\/li>\n<\/ul>\n<\/div>\n","protected":false},"excerpt":{"rendered":"","protected":false},"author":1,"featured_media":0,"parent":0,"menu_order":0,"comment_status":"closed","ping_status":"closed","template":"","meta":{"footnotes":""},"class_list":["post-6482","page","type-page","status-publish","czr-hentry"],"_links":{"self":[{"href":"https:\/\/ybm.org.tr\/ybm\/wp-json\/wp\/v2\/pages\/6482","targetHints":{"allow":["GET"]}}],"collection":[{"href":"https:\/\/ybm.org.tr\/ybm\/wp-json\/wp\/v2\/pages"}],"about":[{"href":"https:\/\/ybm.org.tr\/ybm\/wp-json\/wp\/v2\/types\/page"}],"author":[{"embeddable":true,"href":"https:\/\/ybm.org.tr\/ybm\/wp-json\/wp\/v2\/users\/1"}],"replies":[{"embeddable":true,"href":"https:\/\/ybm.org.tr\/ybm\/wp-json\/wp\/v2\/comments?post=6482"}],"version-history":[{"count":0,"href":"https:\/\/ybm.org.tr\/ybm\/wp-json\/wp\/v2\/pages\/6482\/revisions"}],"wp:attachment":[{"href":"https:\/\/ybm.org.tr\/ybm\/wp-json\/wp\/v2\/media?parent=6482"}],"curies":[{"name":"wp","href":"https:\/\/api.w.org\/{rel}","templated":true}]}}