{"id":6964,"date":"2020-03-10T15:58:01","date_gmt":"2020-03-10T12:58:01","guid":{"rendered":"http:\/\/ybm.comu.edu.tr\/?page_id=6964"},"modified":"2023-12-19T18:51:30","modified_gmt":"2023-12-19T15:51:30","slug":"kayaclari-taniyalim","status":"publish","type":"page","link":"https:\/\/ybm.org.tr\/ybm\/kayaclari-taniyalim\/","title":{"rendered":"Kaya\u00e7lar\u0131 Tan\u0131yal\u0131m!"},"content":{"rendered":"<div class=\"h5p-content\" data-content-id=\"10\"><\/div>\n","protected":false},"excerpt":{"rendered":"","protected":false},"author":14,"featured_media":0,"parent":0,"menu_order":0,"comment_status":"closed","ping_status":"closed","template":"","meta":{"footnotes":""},"class_list":["post-6964","page","type-page","status-publish","czr-hentry"],"_links":{"self":[{"href":"https:\/\/ybm.org.tr\/ybm\/wp-json\/wp\/v2\/pages\/6964","targetHints":{"allow":["GET"]}}],"collection":[{"href":"https:\/\/ybm.org.tr\/ybm\/wp-json\/wp\/v2\/pages"}],"about":[{"href":"https:\/\/ybm.org.tr\/ybm\/wp-json\/wp\/v2\/types\/page"}],"author":[{"embeddable":true,"href":"https:\/\/ybm.org.tr\/ybm\/wp-json\/wp\/v2\/users\/14"}],"replies":[{"embeddable":true,"href":"https:\/\/ybm.org.tr\/ybm\/wp-json\/wp\/v2\/comments?post=6964"}],"version-history":[{"count":0,"href":"https:\/\/ybm.org.tr\/ybm\/wp-json\/wp\/v2\/pages\/6964\/revisions"}],"wp:attachment":[{"href":"https:\/\/ybm.org.tr\/ybm\/wp-json\/wp\/v2\/media?parent=6964"}],"curies":[{"name":"wp","href":"https:\/\/api.w.org\/{rel}","templated":true}]}}