{"id":1329,"date":"2019-03-10T04:46:16","date_gmt":"2019-03-10T01:46:16","guid":{"rendered":"http:\/\/ybm.comu.edu.tr\/v5\/?post_type=product&#038;p=1329"},"modified":"2023-12-12T19:09:04","modified_gmt":"2023-12-12T16:09:04","slug":"silislesmis-agac-5","status":"publish","type":"product","link":"https:\/\/ybm.org.tr\/ybm\/product\/silislesmis-agac-5\/","title":{"rendered":"Silisle\u015fmi\u015f A\u011fa\u00e7"},"content":{"rendered":"<p><img loading=\"lazy\" decoding=\"async\" class=\"alignnone size-full wp-image-1330\" src=\"http:\/\/ybm.comu.edu.tr\/v5\/wp-content\/uploads\/2019\/03\/Silisle\u015fmi\u015f-a\u011fa\u00e7-5.jpg\" alt=\"Silisle\u015fmi\u015f a\u011fa\u00e7\" width=\"800\" height=\"536\" srcset=\"https:\/\/ybm.org.tr\/ybm\/wp-content\/uploads\/2019\/03\/Silisle\u015fmi\u015f-a\u011fa\u00e7-5.jpg 800w, https:\/\/ybm.org.tr\/ybm\/wp-content\/uploads\/2019\/03\/Silisle\u015fmi\u015f-a\u011fa\u00e7-5-300x201.jpg 300w, https:\/\/ybm.org.tr\/ybm\/wp-content\/uploads\/2019\/03\/Silisle\u015fmi\u015f-a\u011fa\u00e7-5-768x515.jpg 768w, https:\/\/ybm.org.tr\/ybm\/wp-content\/uploads\/2019\/03\/Silisle\u015fmi\u015f-a\u011fa\u00e7-5-570x382.jpg 570w, https:\/\/ybm.org.tr\/ybm\/wp-content\/uploads\/2019\/03\/Silisle\u015fmi\u015f-a\u011fa\u00e7-5-600x402.jpg 600w, https:\/\/ybm.org.tr\/ybm\/wp-content\/uploads\/2019\/03\/Silisle\u015fmi\u015f-a\u011fa\u00e7-5-64x43.jpg 64w, https:\/\/ybm.org.tr\/ybm\/wp-content\/uploads\/2019\/03\/Silisle\u015fmi\u015f-a\u011fa\u00e7-5-239x160.jpg 239w, https:\/\/ybm.org.tr\/ybm\/wp-content\/uploads\/2019\/03\/Silisle\u015fmi\u015f-a\u011fa\u00e7-5-150x101.jpg 150w, https:\/\/ybm.org.tr\/ybm\/wp-content\/uploads\/2019\/03\/Silisle\u015fmi\u015f-a\u011fa\u00e7-5-272x182.jpg 272w\" sizes=\"auto, (max-width: 800px) 100vw, 800px\" \/><\/p>\n","protected":false},"excerpt":{"rendered":"","protected":false},"featured_media":1330,"template":"","meta":[],"product_brand":[],"product_cat":[18],"product_tag":[],"class_list":{"0":"post-1329","1":"product","2":"type-product","3":"status-publish","4":"has-post-thumbnail","6":"product_cat-fosil","7":"pa_boylam-26-404813528060","8":"pa_enlem-40-143985284219","9":"pa_gelis_tarihi-2010-08-27","10":"pa_malz_alindigi_kisi-ayse-bozcucomu-2","11":"pa_malzemenin-alindigi-yer-canakkale-turkiye-turkey","12":"pa_ornek_no-f192","13":"pa_raf_no-f192","15":"first","16":"instock","17":"shipping-taxable","18":"product-type-simple","19":"czr-hentry"},"_links":{"self":[{"href":"https:\/\/ybm.org.tr\/ybm\/wp-json\/wp\/v2\/product\/1329","targetHints":{"allow":["GET"]}}],"collection":[{"href":"https:\/\/ybm.org.tr\/ybm\/wp-json\/wp\/v2\/product"}],"about":[{"href":"https:\/\/ybm.org.tr\/ybm\/wp-json\/wp\/v2\/types\/product"}],"wp:featuredmedia":[{"embeddable":true,"href":"https:\/\/ybm.org.tr\/ybm\/wp-json\/wp\/v2\/media\/1330"}],"wp:attachment":[{"href":"https:\/\/ybm.org.tr\/ybm\/wp-json\/wp\/v2\/media?parent=1329"}],"wp:term":[{"taxonomy":"product_brand","embeddable":true,"href":"https:\/\/ybm.org.tr\/ybm\/wp-json\/wp\/v2\/product_brand?post=1329"},{"taxonomy":"product_cat","embeddable":true,"href":"https:\/\/ybm.org.tr\/ybm\/wp-json\/wp\/v2\/product_cat?post=1329"},{"taxonomy":"product_tag","embeddable":true,"href":"https:\/\/ybm.org.tr\/ybm\/wp-json\/wp\/v2\/product_tag?post=1329"}],"curies":[{"name":"wp","href":"https:\/\/api.w.org\/{rel}","templated":true}]}}