{"id":2648,"date":"2019-04-24T15:47:25","date_gmt":"2019-04-24T12:47:25","guid":{"rendered":"http:\/\/ybm.comu.edu.tr\/v5\/?post_type=product&#038;p=2648"},"modified":"2019-09-17T14:48:56","modified_gmt":"2019-09-17T11:48:56","slug":"yesimtasi","status":"publish","type":"product","link":"https:\/\/ybm.org.tr\/ybm\/product\/yesimtasi\/","title":{"rendered":"Ye\u015fimta\u015f\u0131"},"content":{"rendered":"<p><a href=\"http:\/\/ybm.comu.edu.tr\/v5\/wp-content\/uploads\/2019\/04\/ye\u015fimta\u015f\u0131.jpg\"><img loading=\"lazy\" decoding=\"async\" class=\"alignnone size-medium wp-image-2649\" src=\"http:\/\/ybm.comu.edu.tr\/v5\/wp-content\/uploads\/2019\/04\/ye\u015fimta\u015f\u0131-300x247.jpg\" alt=\"\" width=\"300\" height=\"247\" srcset=\"https:\/\/ybm.org.tr\/ybm\/wp-content\/uploads\/2019\/04\/ye\u015fimta\u015f\u0131-300x247.jpg 300w, https:\/\/ybm.org.tr\/ybm\/wp-content\/uploads\/2019\/04\/ye\u015fimta\u015f\u0131-600x494.jpg 600w, https:\/\/ybm.org.tr\/ybm\/wp-content\/uploads\/2019\/04\/ye\u015fimta\u015f\u0131-64x53.jpg 64w, https:\/\/ybm.org.tr\/ybm\/wp-content\/uploads\/2019\/04\/ye\u015fimta\u015f\u0131-768x632.jpg 768w, https:\/\/ybm.org.tr\/ybm\/wp-content\/uploads\/2019\/04\/ye\u015fimta\u015f\u0131-195x160.jpg 195w, https:\/\/ybm.org.tr\/ybm\/wp-content\/uploads\/2019\/04\/ye\u015fimta\u015f\u0131-150x123.jpg 150w, https:\/\/ybm.org.tr\/ybm\/wp-content\/uploads\/2019\/04\/ye\u015fimta\u015f\u0131.jpg 800w\" sizes=\"auto, (max-width: 300px) 100vw, 300px\" \/><\/a><\/p>\n","protected":false},"excerpt":{"rendered":"","protected":false},"featured_media":2649,"template":"","meta":[],"product_brand":[],"product_cat":[16],"product_tag":[],"class_list":{"0":"post-2648","1":"product","2":"type-product","3":"status-publish","4":"has-post-thumbnail","6":"product_cat-mineraller","7":"pa_boylam-106-02273344993","8":"pa_enlem-34-541357232453","9":"pa_gelis_tarihi-2012-10-04","10":"pa_malz_alindigi_kisi-gulbin-gurdal-comu","11":"pa_malzemenin-alindigi-yer-cin-halk-cumhuriyeti-china","12":"pa_ornek_no-m496","13":"pa_raf_no-b-13-m634","15":"first","16":"outofstock","17":"shipping-taxable","18":"product-type-variable","19":"czr-hentry"},"_links":{"self":[{"href":"https:\/\/ybm.org.tr\/ybm\/wp-json\/wp\/v2\/product\/2648","targetHints":{"allow":["GET"]}}],"collection":[{"href":"https:\/\/ybm.org.tr\/ybm\/wp-json\/wp\/v2\/product"}],"about":[{"href":"https:\/\/ybm.org.tr\/ybm\/wp-json\/wp\/v2\/types\/product"}],"wp:featuredmedia":[{"embeddable":true,"href":"https:\/\/ybm.org.tr\/ybm\/wp-json\/wp\/v2\/media\/2649"}],"wp:attachment":[{"href":"https:\/\/ybm.org.tr\/ybm\/wp-json\/wp\/v2\/media?parent=2648"}],"wp:term":[{"taxonomy":"product_brand","embeddable":true,"href":"https:\/\/ybm.org.tr\/ybm\/wp-json\/wp\/v2\/product_brand?post=2648"},{"taxonomy":"product_cat","embeddable":true,"href":"https:\/\/ybm.org.tr\/ybm\/wp-json\/wp\/v2\/product_cat?post=2648"},{"taxonomy":"product_tag","embeddable":true,"href":"https:\/\/ybm.org.tr\/ybm\/wp-json\/wp\/v2\/product_tag?post=2648"}],"curies":[{"name":"wp","href":"https:\/\/api.w.org\/{rel}","templated":true}]}}