{"id":6376,"date":"2020-02-20T13:38:34","date_gmt":"2020-02-20T10:38:34","guid":{"rendered":"http:\/\/ybm.comu.edu.tr\/?product=import-placeholder-for-1269"},"modified":"2023-12-12T18:27:41","modified_gmt":"2023-12-12T15:27:41","slug":"sikistirilmis-komur-tozu-2","status":"publish","type":"product","link":"https:\/\/ybm.org.tr\/ybm\/product\/sikistirilmis-komur-tozu-2\/","title":{"rendered":"S\u0131k\u0131\u015ft\u0131r\u0131lm\u0131\u015f K\u00f6m\u00fcr Tozu"},"content":{"rendered":"<p><img loading=\"lazy\" decoding=\"async\" class=\"alignnone size-full wp-image-1270\" src=\"http:\/\/ybm.comu.edu.tr\/v5\/wp-content\/uploads\/2019\/03\/S\u0131k\u0131\u015ft\u0131r\u0131lm\u0131\u015f-k\u00f6m\u00fcr-tozu.jpg\" alt=\"S\u0131k\u0131\u015ft\u0131r\u0131lm\u0131\u015f k\u00f6m\u00fcr tozu\" width=\"800\" height=\"532\" srcset=\"https:\/\/ybm.org.tr\/ybm\/wp-content\/uploads\/2019\/03\/S\u0131k\u0131\u015ft\u0131r\u0131lm\u0131\u015f-k\u00f6m\u00fcr-tozu.jpg 800w, https:\/\/ybm.org.tr\/ybm\/wp-content\/uploads\/2019\/03\/S\u0131k\u0131\u015ft\u0131r\u0131lm\u0131\u015f-k\u00f6m\u00fcr-tozu-300x200.jpg 300w, https:\/\/ybm.org.tr\/ybm\/wp-content\/uploads\/2019\/03\/S\u0131k\u0131\u015ft\u0131r\u0131lm\u0131\u015f-k\u00f6m\u00fcr-tozu-768x511.jpg 768w, https:\/\/ybm.org.tr\/ybm\/wp-content\/uploads\/2019\/03\/S\u0131k\u0131\u015ft\u0131r\u0131lm\u0131\u015f-k\u00f6m\u00fcr-tozu-570x379.jpg 570w, https:\/\/ybm.org.tr\/ybm\/wp-content\/uploads\/2019\/03\/S\u0131k\u0131\u015ft\u0131r\u0131lm\u0131\u015f-k\u00f6m\u00fcr-tozu-600x399.jpg 600w, https:\/\/ybm.org.tr\/ybm\/wp-content\/uploads\/2019\/03\/S\u0131k\u0131\u015ft\u0131r\u0131lm\u0131\u015f-k\u00f6m\u00fcr-tozu-64x43.jpg 64w, https:\/\/ybm.org.tr\/ybm\/wp-content\/uploads\/2019\/03\/S\u0131k\u0131\u015ft\u0131r\u0131lm\u0131\u015f-k\u00f6m\u00fcr-tozu-241x160.jpg 241w, https:\/\/ybm.org.tr\/ybm\/wp-content\/uploads\/2019\/03\/S\u0131k\u0131\u015ft\u0131r\u0131lm\u0131\u015f-k\u00f6m\u00fcr-tozu-150x100.jpg 150w, https:\/\/ybm.org.tr\/ybm\/wp-content\/uploads\/2019\/03\/S\u0131k\u0131\u015ft\u0131r\u0131lm\u0131\u015f-k\u00f6m\u00fcr-tozu-272x182.jpg 272w\" sizes=\"auto, (max-width: 800px) 100vw, 800px\" \/><\/p>\n","protected":false},"excerpt":{"rendered":"","protected":false},"featured_media":1270,"template":"","meta":[],"product_brand":[],"product_cat":[17],"product_tag":[],"class_list":{"0":"post-6376","1":"product","2":"type-product","3":"status-publish","4":"has-post-thumbnail","6":"product_cat-kayaclar","7":"pa_boylam-26-404813528060","8":"pa_enlem-40-143985284219","9":"pa_gelis_tarihi-2010-09-16","10":"pa_malz_alindigi_kisi-gulbin-gurdal-comu","11":"pa_malzemenin-alindigi-yer-canakkale-turkiye-turkey","12":"pa_ornek_no-k210","13":"pa_raf_no-k210","15":"first","16":"instock","17":"shipping-taxable","18":"product-type-simple","19":"czr-hentry"},"_links":{"self":[{"href":"https:\/\/ybm.org.tr\/ybm\/wp-json\/wp\/v2\/product\/6376","targetHints":{"allow":["GET"]}}],"collection":[{"href":"https:\/\/ybm.org.tr\/ybm\/wp-json\/wp\/v2\/product"}],"about":[{"href":"https:\/\/ybm.org.tr\/ybm\/wp-json\/wp\/v2\/types\/product"}],"wp:featuredmedia":[{"embeddable":true,"href":"https:\/\/ybm.org.tr\/ybm\/wp-json\/wp\/v2\/media\/1270"}],"wp:attachment":[{"href":"https:\/\/ybm.org.tr\/ybm\/wp-json\/wp\/v2\/media?parent=6376"}],"wp:term":[{"taxonomy":"product_brand","embeddable":true,"href":"https:\/\/ybm.org.tr\/ybm\/wp-json\/wp\/v2\/product_brand?post=6376"},{"taxonomy":"product_cat","embeddable":true,"href":"https:\/\/ybm.org.tr\/ybm\/wp-json\/wp\/v2\/product_cat?post=6376"},{"taxonomy":"product_tag","embeddable":true,"href":"https:\/\/ybm.org.tr\/ybm\/wp-json\/wp\/v2\/product_tag?post=6376"}],"curies":[{"name":"wp","href":"https:\/\/api.w.org\/{rel}","templated":true}]}}