{"id":6455,"date":"2020-02-20T13:39:06","date_gmt":"2020-02-20T10:39:06","guid":{"rendered":"http:\/\/ybm.comu.edu.tr\/?product=import-placeholder-for-1432"},"modified":"2023-12-12T18:24:22","modified_gmt":"2023-12-12T15:24:22","slug":"dolicophis-caspius-hazer-yilani-2","status":"publish","type":"product","link":"https:\/\/ybm.org.tr\/ybm\/product\/dolicophis-caspius-hazer-yilani-2\/","title":{"rendered":"Dolicophis Caspius (Hazer Y\u0131lan\u0131) &#8211; Rare Snake Species"},"content":{"rendered":"<p>The Dolicophis caspius, also known as the Hazer Y\u0131lan\u0131, is a species of colubrid snake native to the Middle East and Central Asia. It is a medium-sized snake, typically reaching lengths of up to 1.2 meters (4 feet). The Hazer Y\u0131lan\u0131 is a non-venomous species, and is generally considered harmless to humans. The Hazer Y\u0131lan\u0131 has a slender body with a long, pointed head. Its scales are smooth and glossy, and its coloration is typically a light brown or gray, with darker brown or black markings along its back. The underside of the snake is usually a lighter shade of gray or white. The Hazer Y\u0131lan\u0131 is an active hunter, and feeds mainly on small rodents, lizards, and other small animals. It is an excellent climber, and can often be found in trees and shrubs. It is also a good swimmer, and can often be found near bodies of water. The Hazer Y\u0131lan\u0131 is a shy and reclusive species, and is rarely seen in the wild. It is a nocturnal species, and is most active at night. It is also a good burrower, and can often be found in burrows or under rocks. The Hazer Y\u0131lan\u0131 is a hardy species, and is relatively easy to care for in captivity. It is an ideal pet for those looking for a unique and interesting snake.<\/p>\n","protected":false},"excerpt":{"rendered":"<p>Dolicophis caspius (Hazer Y\u0131lan\u0131) is a species of venomous snake found in the Middle East and Central Asia. It is a medium-sized snake with a distinctive pattern of black and white stripes.<\/p>\n","protected":false},"featured_media":1433,"template":"","meta":[],"product_brand":[],"product_cat":[19],"product_tag":[3796,3792,3793,3797,3800,3795,3801,3794,3798,3799],"class_list":{"0":"post-6455","1":"product","2":"type-product","3":"status-publish","4":"has-post-thumbnail","6":"product_cat-biyoloji","7":"product_tag-colubrid","8":"product_tag-dolicophis-caspius","9":"product_tag-hazer-yilani","10":"product_tag-middle-east","11":"product_tag-non-venomous","12":"product_tag-reptile","13":"product_tag-scales","14":"product_tag-snake","15":"product_tag-turkey","16":"product_tag-venomous","17":"pa_boylam-26-404813528060","18":"pa_enlem-40-143985284219","19":"pa_gelis_tarihi-2017-10-16","20":"pa_malz_alindigi_kisi-varol-tok-comu","21":"pa_malzemenin-alindigi-yer-canakkaleturkiye","22":"pa_ordo-squamata","23":"pa_ornek_no-b886","24":"pa_sinif-reptilia","26":"first","27":"instock","28":"shipping-taxable","29":"product-type-simple","30":"czr-hentry"},"_links":{"self":[{"href":"https:\/\/ybm.org.tr\/ybm\/wp-json\/wp\/v2\/product\/6455","targetHints":{"allow":["GET"]}}],"collection":[{"href":"https:\/\/ybm.org.tr\/ybm\/wp-json\/wp\/v2\/product"}],"about":[{"href":"https:\/\/ybm.org.tr\/ybm\/wp-json\/wp\/v2\/types\/product"}],"wp:featuredmedia":[{"embeddable":true,"href":"https:\/\/ybm.org.tr\/ybm\/wp-json\/wp\/v2\/media\/1433"}],"wp:attachment":[{"href":"https:\/\/ybm.org.tr\/ybm\/wp-json\/wp\/v2\/media?parent=6455"}],"wp:term":[{"taxonomy":"product_brand","embeddable":true,"href":"https:\/\/ybm.org.tr\/ybm\/wp-json\/wp\/v2\/product_brand?post=6455"},{"taxonomy":"product_cat","embeddable":true,"href":"https:\/\/ybm.org.tr\/ybm\/wp-json\/wp\/v2\/product_cat?post=6455"},{"taxonomy":"product_tag","embeddable":true,"href":"https:\/\/ybm.org.tr\/ybm\/wp-json\/wp\/v2\/product_tag?post=6455"}],"curies":[{"name":"wp","href":"https:\/\/api.w.org\/{rel}","templated":true}]}}