{"id":906,"date":"2019-03-02T20:15:40","date_gmt":"2019-03-02T17:15:40","guid":{"rendered":"http:\/\/ybm.comu.edu.tr\/v5\/?post_type=product&#038;p=906"},"modified":"2019-03-06T20:31:04","modified_gmt":"2019-03-06T17:31:04","slug":"onkoidli-kirectasi","status":"publish","type":"product","link":"https:\/\/ybm.org.tr\/ybm\/product\/onkoidli-kirectasi\/","title":{"rendered":"Onkoidli Kire\u00e7ta\u015f\u0131"},"content":{"rendered":"<p><img loading=\"lazy\" decoding=\"async\" class=\"alignnone size-full wp-image-924\" src=\"http:\/\/ybm.comu.edu.tr\/v5\/wp-content\/uploads\/2019\/03\/Onkoidli-Kire\u00e7ta\u015f\u0131-1.jpg\" alt=\"\" width=\"800\" height=\"520\" srcset=\"https:\/\/ybm.org.tr\/ybm\/wp-content\/uploads\/2019\/03\/Onkoidli-Kire\u00e7ta\u015f\u0131-1.jpg 800w, https:\/\/ybm.org.tr\/ybm\/wp-content\/uploads\/2019\/03\/Onkoidli-Kire\u00e7ta\u015f\u0131-1-300x195.jpg 300w, https:\/\/ybm.org.tr\/ybm\/wp-content\/uploads\/2019\/03\/Onkoidli-Kire\u00e7ta\u015f\u0131-1-768x499.jpg 768w, https:\/\/ybm.org.tr\/ybm\/wp-content\/uploads\/2019\/03\/Onkoidli-Kire\u00e7ta\u015f\u0131-1-570x371.jpg 570w, https:\/\/ybm.org.tr\/ybm\/wp-content\/uploads\/2019\/03\/Onkoidli-Kire\u00e7ta\u015f\u0131-1-600x390.jpg 600w, https:\/\/ybm.org.tr\/ybm\/wp-content\/uploads\/2019\/03\/Onkoidli-Kire\u00e7ta\u015f\u0131-1-64x42.jpg 64w, https:\/\/ybm.org.tr\/ybm\/wp-content\/uploads\/2019\/03\/Onkoidli-Kire\u00e7ta\u015f\u0131-1-246x160.jpg 246w, https:\/\/ybm.org.tr\/ybm\/wp-content\/uploads\/2019\/03\/Onkoidli-Kire\u00e7ta\u015f\u0131-1-150x98.jpg 150w\" sizes=\"auto, (max-width: 800px) 100vw, 800px\" \/><\/p>\n","protected":false},"excerpt":{"rendered":"","protected":false},"featured_media":920,"template":"","meta":[],"product_brand":[],"product_cat":[18],"product_tag":[],"class_list":{"0":"post-906","1":"product","2":"type-product","3":"status-publish","4":"has-post-thumbnail","6":"product_cat-fosil","7":"pa_aciklama-batu-gading-limestone-age-late-eocene","8":"pa_boylam-186-05264067649","9":"pa_enlem-53-955081767421","10":"pa_isim-oncoidal-limestone","11":"pa_isim-onkoidli-kirectasi","12":"pa_malzemenin-alindigi-yer-batu-gading-middle-baram-sarawak-malezya-malaysia","13":"pa_ornek_no-k495","14":"pa_raf_no-b-15-k631","16":"first","17":"instock","18":"shipping-taxable","19":"product-type-simple","20":"czr-hentry"},"_links":{"self":[{"href":"https:\/\/ybm.org.tr\/ybm\/wp-json\/wp\/v2\/product\/906","targetHints":{"allow":["GET"]}}],"collection":[{"href":"https:\/\/ybm.org.tr\/ybm\/wp-json\/wp\/v2\/product"}],"about":[{"href":"https:\/\/ybm.org.tr\/ybm\/wp-json\/wp\/v2\/types\/product"}],"wp:featuredmedia":[{"embeddable":true,"href":"https:\/\/ybm.org.tr\/ybm\/wp-json\/wp\/v2\/media\/920"}],"wp:attachment":[{"href":"https:\/\/ybm.org.tr\/ybm\/wp-json\/wp\/v2\/media?parent=906"}],"wp:term":[{"taxonomy":"product_brand","embeddable":true,"href":"https:\/\/ybm.org.tr\/ybm\/wp-json\/wp\/v2\/product_brand?post=906"},{"taxonomy":"product_cat","embeddable":true,"href":"https:\/\/ybm.org.tr\/ybm\/wp-json\/wp\/v2\/product_cat?post=906"},{"taxonomy":"product_tag","embeddable":true,"href":"https:\/\/ybm.org.tr\/ybm\/wp-json\/wp\/v2\/product_tag?post=906"}],"curies":[{"name":"wp","href":"https:\/\/api.w.org\/{rel}","templated":true}]}}